s the hundred thousands digit of 6187071?
1
What is the tens digit of 103787?
8
What is the hundred thousands digit of 17724415?
7
What is the hundreds digit of 178800?
8
What is the millions digit of 4084358?
4
What is the tens digit of 3963531?
3
What is the tens digit of 6007247?
4
What is the hundreds digit of 57835?
8
What is the hundred thousands digit of 2375008?
3
What is the ten thousands digit of 4843170?
4
What is the thousands digit of 3866552?
6
What is the thousands digit of 4363824?
3
What is the millions digit of 2051111?
2
What is the units digit of 420419?
9
What is the ten millions digit of 10850277?
1
What is the ten millions digit of 23090167?
2
What is the hundred thousands digit of 166757?
1
What is the hundreds digit of 959816?
8
What is the millions digit of 32106517?
2
What is the units digit of 227966?
6
What is the thousands digit of 17229155?
9
What is the tens digit of 1229518?
1
What is the units digit of 2755746?
6
What is the hundreds digit of 233964?
9
What is the thousands digit of 54597?
4
What is the thousands digit of 1680312?
0
What is the hundred thousands digit of 8629700?
6
What is the units digit of 15970331?
1
What is the hundred thousands digit of 348981?
3
What is the hundred thousands digit of 2042042?
0
What is the hundred thousands digit of 16389194?
3
What is the hundred thousands digit of 275011?
2
What is the units digit of 126503?
3
What is the ten thousands digit of 152037?
5
What is the thousands digit of 5335324?
5
What is the ten thousands digit of 630356?
3
What is the hundred thousands digit of 854210?
8
What is the tens digit of 155066?
6
What is the millions digit of 1295150?
1
What is the hundred thousands digit of 7254817?
2
What is the thousands digit of 631725?
1
What is the millions digit of 6574214?
6
What is the millions digit of 4375971?
4
What is the tens digit of 160877?
7
What is the units digit of 947177?
7
What is the millions digit of 1041881?
1
What is the units digit of 646559?
9
What is the units digit of 7984?
4
What is the units digit of 184736?
6
What is the hundred thousands digit of 1014397?
0
What is the hundreds digit of 501279?
2
What is the units digit of 627232?
2
What is the thousands digit of 10518221?
8
What is the ten thousands digit of 935489?
3
What is the ten thousands digit of 470850?
7
What is the hundred thousands digit of 199276?
1
What is the thousands digit of 1785008?
5
What is the thousands digit of 677450?
7
What is the ten thousands digit of 498195?
9
What is the units digit of 10333981?
1
What is the tens digit of 4120900?
0
What is the hundreds digit of 2036999?
9
What is the millions digit of 3713903?
3
What is the thousands digit of 148553?
8
What is the hundred thousands digit of 301059?
3
What is the thousands digit of 354136?
4
What is the thousands digit of 110885?
0
What is the hundreds digit of 11913817?
8
What is the thousands digit of 515160?
5
What is the ten thousands digit of 7804819?
0
What is the thousands digit of 25866595?
6
What is the thousands digit of 12423?
2
What is the thousands digit of 3124491?
4
What is the units digit of 339456?
6
What is the units digit of 9378692?
2
What is the hundreds digit of 2146658?
6
What is the ten thousands digit of 319905?
1
What is the units digit of 19320193?
3
What is the ten thousands digit of 5097146?
9
What is the tens digit of 75952?
5
What is the hundreds digit of 38171692?
6
What is the hundred thousands digit of 6601645?
6
What is the hundreds digit of 212243?
2
What is the units digit of 1662849?
9
What is the hundreds digit of 411022?
0
What is the units digit of 338635?
5
What is the thousands digit of 540986?
0
What is the units digit of 358394?
4
What is the hundreds digit of 174770?
7
What is the ten thousands digit of 3476003?
7
What is the units digit of 5756303?
3
What is the millions digit of 1120530?
1
What is the hundreds digit of 4470074?
0
What is the hundred thousands digit of 517949?
5
What is the ten thousands digit of 5238170?
3
What is the millions digit of 14273981?
4
What is the hundred thousands digit of 2723517?
7
What is the hundreds digit of 455123?
1
What is the hundred thousands digit of 1720014?
7
What is the hundreds digit of 78054?
0
What is the hundreds digit of 223698?
6
What is the hundreds digit of 439211?
2
What is the hundred thousands digit of 1325045?
3
What is the thousands digit of 577233?
7
What is the hundreds digit of 2184774?
7
What is the thousands digit of 97890?
7
What is the millions digit of 2072494?
2
What is the units digit of 1533029?
9
What is the units digit of 1068630?
0
What is the units digit of 7545301?
1
What is the units digit of 4642507?
7
What is the tens digit of 271838?
3
What is the hundreds digit of 688521?
5
What is the ten thousands digit of 878883?
7
What is the hundreds digit of 187525?
5
What is the hundreds digit of 110816?
8
What is the millions digit of 3836222?
3
What is the tens digit of 7910685?
8
What is the hundred thousands digit of 1567859?
5
What is the hundreds digit of 14718?
7
What is the thousands digit of 798107?
8
What is the units digit of 8804140?
0
What is the thousands digit of 168473?
8
What is the hundreds digit of 2064056?
0
What is the hundred thousands digit of 2216480?
2
What is the units digit of 311873?
3
What is the ten thousands digit of 1785636?
8
What is the hundreds digit of 5978443?
4
What is the ten millions digit of 18814391?
1
What is the millions digit of 6924343?
6
What is the thousands digit of 4872996?
2
What is the millions digit of 3042182?
3
What is the thousands digit of 9109518?
9
What is the hundreds digit of 8380?
3
What is the tens digit of 2800566?
6
What is the thousands digit of 255995?
5
What is the tens digit of 159718?
1
What is the millions digit of 3293895?
3
What is the hundred thousands digit of 8733417?
7
What is the ten thousands digit of 828906?
2
What is the millions digit of 1449576?
1
What is the ten thousands digit of 5433107?
3
What is the thousands digit of 21035604?
5
What is the tens digit of 29804?
0
What is the millions digit of 1154353?
1
What is the units digit of 48774?
4
What is the hundred thousands digit of 1131200?
1
What is the units digit of 429829?
9
What is the tens digit of 39484483?
8
What is the thousands digit of 1510572?
0
What is the millions digit of 1477311?
1
What is the tens digit of 1326878?
7
What is the tens digit of 120421?
2
What is the ten thousands digit of 6650964?
5
What is the units digit of 888350?
0
What is the thousands digit of 14364796?
4
What is the tens digit of 11045156?
5
What is the hundreds digit of 841232?
2
What is the hundreds digit of 651055?
0
What is the hundreds digit of 109569?
5
What is the ten thousands digit of 7327211?
2
What is the units digit of 58162?
2
What is the thousands digit of 2805121?
5
What is the hundreds digit of 249419?
4
What is the millions digit of 5301443?
5
What is the millions digit of 1310175?
1
What is the ten thousands digit of 96249?
9
What is the millions digit of 1105361?
1
What is the hundreds digit of 556840?
8
What is the thousands digit of 241061?
1
What is the tens digit of 6012?
1
What is the tens digit of 2538042?
4
What is the hundreds digit of 172317?
3
What is the ten thousands digit of 1191686?
9
What is the units digit of 3475374?
4
What is the thousands digit of 141663?
1
What is the hundreds digit of 484676?
6
What is the tens digit of 189040?
4
What is the ten thousands digit of 1228757?
2
What is the thousands digit of 29844352?
4
What is the hundreds digit of 3723609?
6
What is the ten thousands digit of 51136?
5
What is the tens digit of 1253796?
9
What is the hundred thousands digit of 21980211?
9
What is the hundred thousands digit of 387276?
3
What is the hundred thousands digit of 2134807?
1
What is the tens digit of 74640?
4
What is the ten thousands digit of 14590?
1
What is the units digit of 1396424?
4
What is the units digit of 4724194?
4
What is the units digit of 2034330?
0
What is the units digit of 1649117?
7
What is the hundred thousands digit of 1856969?
8
What is the tens digit of 407985?
8
What is the millions digit of 9954247?
9
What is the tens digit of 27449458?
5
What is the tens digit of 2158371?
7
What is th